{"id":8001,"date":"2023-09-25T17:28:00","date_gmt":"2023-09-25T21:28:00","guid":{"rendered":"https:\/\/dephy-mtl.org\/survey\/?page_id=8001"},"modified":"2025-06-11T09:11:05","modified_gmt":"2025-06-11T13:11:05","slug":"nouveau-cadre-psoc-comprendre-ensemble-les-changements","status":"publish","type":"page","link":"https:\/\/dephy-mtl.org\/survey\/accueil\/inscriptions-aux-activites-et-evenements\/nouveau-cadre-psoc-comprendre-ensemble-les-changements\/","title":{"rendered":"Midi-causerie \u00ab\u00a0Des nouvelles du PSOC \u00e0 Montr\u00e9al\u00a0\u00bb"},"content":{"rendered":"<p>\ud83d\udc65 Les huit regroupements r\u00e9gionaux montr\u00e9alais en sant\u00e9 et services sociaux vous invitent \u00e0 un <strong>midi-causerie<\/strong> le 22 avril prochain pour faire un \u00e9tat des lieux sur le <strong>PSOC \u00e0 Montr\u00e9al<\/strong>.<\/p>\n<p>\ud83d\udcc5 <strong>Mardi 22 avril<\/strong><\/p>\n<p>\u23f0 <strong>12h \u00e0 13h30<\/strong><\/p>\n<p>\ud83d\udcbb En visioconf\u00e9rence.<\/p>\n<p>\ud83d\udd17 Contexte : <a href=\"https:\/\/riocm.us7.list-manage.com\/track\/click?u=530788cc3ac37d628ec813375&amp;id=7d8fa56b62&amp;e=90ea42a4d6\">Actions r\u00e9alis\u00e9es, enjeux et pr\u00e9occupations<\/a><\/p>\n<p>\u26a0\ufe0f\ud83e\uddbb <strong>Aucun service d\u2019interpr\u00e9tation en LSQ ne sera offert, car aucune demande n\u2019a \u00e9t\u00e9 re\u00e7ue en date du 16 avril \u00e0 17\u202fh. La r\u00e9servation des interpr\u00e8tes a donc \u00e9t\u00e9 annul\u00e9e.<\/strong><\/p>\n<p>Les inscriptions sont maintenant termin\u00e9es. <br \/>Merci de votre compr\u00e9hension. <\/p>\n","protected":false},"excerpt":{"rendered":"<p>\ud83d\udc65 Les huit regroupements r\u00e9gionaux montr\u00e9alais en sant\u00e9 et services sociaux vous invitent \u00e0 un midi-causerie le 22 avril prochain pour faire un \u00e9tat des lieux sur le PSOC \u00e0 Montr\u00e9al. \ud83d\udcc5 Mardi 22 avril \u23f0 12h \u00e0 13h30 \ud83d\udcbb En visioconf\u00e9rence. \ud83d\udd17 Contexte : Actions r\u00e9alis\u00e9es, enjeux et pr\u00e9occupations \u26a0\ufe0f\ud83e\uddbb Aucun service d\u2019interpr\u00e9tation en &hellip; <\/p>\n<p class=\"link-more\"><a href=\"https:\/\/dephy-mtl.org\/survey\/accueil\/inscriptions-aux-activites-et-evenements\/nouveau-cadre-psoc-comprendre-ensemble-les-changements\/\" class=\"more-link\">Continuer la lecture<span class=\"screen-reader-text\"> de &laquo;&nbsp;Midi-causerie \u00ab\u00a0Des nouvelles du PSOC \u00e0 Montr\u00e9al\u00a0\u00bb&nbsp;&raquo;<\/span><\/a><\/p>\n","protected":false},"author":2,"featured_media":0,"parent":2738,"menu_order":11,"comment_status":"closed","ping_status":"closed","template":"","meta":{"_acf_changed":false,"footnotes":""},"class_list":["post-8001","page","type-page","status-publish","hentry"],"acf":[],"_links":{"self":[{"href":"https:\/\/dephy-mtl.org\/survey\/wp-json\/wp\/v2\/pages\/8001","targetHints":{"allow":["GET"]}}],"collection":[{"href":"https:\/\/dephy-mtl.org\/survey\/wp-json\/wp\/v2\/pages"}],"about":[{"href":"https:\/\/dephy-mtl.org\/survey\/wp-json\/wp\/v2\/types\/page"}],"author":[{"embeddable":true,"href":"https:\/\/dephy-mtl.org\/survey\/wp-json\/wp\/v2\/users\/2"}],"replies":[{"embeddable":true,"href":"https:\/\/dephy-mtl.org\/survey\/wp-json\/wp\/v2\/comments?post=8001"}],"version-history":[{"count":3,"href":"https:\/\/dephy-mtl.org\/survey\/wp-json\/wp\/v2\/pages\/8001\/revisions"}],"predecessor-version":[{"id":8066,"href":"https:\/\/dephy-mtl.org\/survey\/wp-json\/wp\/v2\/pages\/8001\/revisions\/8066"}],"up":[{"embeddable":true,"href":"https:\/\/dephy-mtl.org\/survey\/wp-json\/wp\/v2\/pages\/2738"}],"wp:attachment":[{"href":"https:\/\/dephy-mtl.org\/survey\/wp-json\/wp\/v2\/media?parent=8001"}],"curies":[{"name":"wp","href":"https:\/\/api.w.org\/{rel}","templated":true}]}}